se 15) to base 12.
9
Convert 9 (base 15) to base 5.
14
What is -13 (base 11) in base 14?
-10
-5 (base 14) to base 2
-101
What is 1 (base 10) in base 16?
1
Convert -3 (base 10) to base 3.
-10
-5 (base 6) to base 7
-5
Convert 1 (base 8) to base 9.
1
What is -20 (base 5) in base 2?
-1010
What is -11 (base 10) in base 4?
-23
Convert -3 (base 15) to base 5.
-3
1110 (base 4) to base 10
84
What is -180 (base 11) in base 13?
-131
What is 30 (base 7) in base 15?
16
-1 (base 6) to base 7
-1
23 (base 4) to base 8
13
What is -11 (base 7) in base 14?
-8
What is -9 (base 11) in base 14?
-9
71 (base 16) to base 5
423
What is 16 (base 8) in base 13?
11
Convert 123 (base 5) to base 14.
2a
What is 4a (base 16) in base 7?
134
4 (base 7) to base 11
4
What is 12 (base 8) in base 2?
1010
-3 (base 5) to base 15
-3
What is 110 (base 2) in base 16?
6
Convert -3 (base 7) to base 10.
-3
What is -143 (base 10) in base 8?
-217
What is -10 (base 4) in base 12?
-4
Convert 5 (base 12) to base 3.
12
Convert -3c (base 15) to base 5.
-212
Convert 143 (base 6) to base 5.
223
Convert -94 (base 13) to base 11.
-100
What is -131 (base 5) in base 6?
-105
-3 (base 16) to base 15
-3
What is 201 (base 3) in base 14?
15
What is -31 (base 9) in base 14?
-20
What is -7 (base 11) in base 15?
-7
What is -7 (base 16) in base 13?
-7
Convert 0 (base 8) to base 7.
0
Convert 32 (base 4) to base 3.
112
6 (base 9) to base 5
11
Convert 43 (base 5) to base 9.
25
19 (base 11) to base 8
24
20 (base 4) to base 14
8
Convert 217 (base 10) to base 16.
d9
Convert -f7 (base 16) to base 15.
-117
What is -3 (base 12) in base 7?
-3
Convert 60 (base 13) to base 16.
4e
-44 (base 12) to base 4
-310
What is -2 (base 8) in base 6?
-2
Convert 340 (base 7) to base 5.
1200
What is -3300 (base 4) in base 10?
-240
-561 (base 7) to base 16
-120
What is 22221 (base 3) in base 5?
1431
What is 1b (base 15) in base 5?
101
Convert 3 (base 5) to base 13.
3
What is -26 (base 10) in base 2?
-11010
Convert 51 (base 10) to base 12.
43
Convert -61 (base 11) to base 13.
-52
3 (base 8) to base 12
3
Convert 4 (base 13) to base 4.
10
What is 188 (base 12) in base 6?
1052
-10 (base 13) to base 15
-d
-79 (base 16) to base 3
-11111
17 (base 9) to base 8
20
3 (base 6) to base 7
3
What is 230 (base 11) in base 13?
182
-104 (base 5) to base 6
-45
What is 19 (base 12) in base 4?
111
What is -21 (base 4) in base 16?
-9
Convert 19 (base 11) to base 7.
26
Convert 11 (base 2) to base 7.
3
Convert 10 (base 7) to base 5.
12
Convert -30 (base 6) to base 2.
-10010
Convert -18 (base 16) to base 14.
-1a
What is -143 (base 5) in base 9?
-53
Convert 1110 (base 2) to base 3.
112
What is 21 (base 3) in base 15?
7
What is -30 (base 16) in base 4?
-300
What is 110 (base 3) in base 7?
15
Convert -4 (base 15) to base 10.
-4
What is -a0 (base 11) in base 13?
-86
-1224 (base 5) to base 6
-513
What is -8c (base 14) in base 6?
-324
What is 12 (base 5) in base 11?
7
-101 (base 10) to base 11
-92
3 (base 16) to base 7
3
What is 0 (base 15) in base 9?
0
Convert -1c (base 15) to base 16.
-1b
-2020 (base 3) to base 13
-48
What is -234 (base 10) in base 13?
-150
-22 (base 5) to base 10
-12
Convert 2 (base 15) to base 14.
2
Convert 4 (base 12) to base 9.
4
Convert 0 (base 7) to base 13.
0
-11 (base 5) to base 3
-20
-1111 (base 2) to base 6
-23
0 (base 15) to base 13
0
Convert -2 (base 7) to base 8.
-2
2001 (base 3) to base 16
37
What is 1001 (base 3) in base 6?
44
What is 2 (base 9) in base 8?
2
What is 23 (base 8) in base 11?
18
Convert 63 (base 15) to base 12.
79
Convert -1 (base 6) to base 11.
-1
-20 (base 4) to base 15
-8
-1 (base 15) to base 9
-1
-3 (base 6) to base 13
-3
Convert 1 (base 7) to base 6.
1
What is -3 (base 10) in base 11?
-3
-24 (base 12) to base 4
-130
What is -130 (base 4) in base 10?
-28
What is 204 (base 9) in base 15?
b1
Convert 99 (base 12) to base 8.
165
What is 16 (base 14) in base 4?
110
What is -43 (base 11) in base 13?
-38
Convert -122 (base 3) to base 8.
-21
What is -200 (base 3) in base 8?
-22
What is 12 (base 3) in base 5?
10
What is 3 (base 9) in base 14?
3
23 (base 15) to base 9
36
Convert -111 (base 2) to base 8.
-7
Convert -26 (base 10) to base 7.
-35
Convert -101 (base 2) to base 5.
-10
What is 4 (base 5) in base 6?
4
12 (base 11) to base 12
11
4 (base 8) to base 9
4
-365 (base 7) to base 2
-11000010
What is 16 (base 7) in base 14?
d
What is 42 (base 5) in base 15?
17
Convert 111111 (base 2) to base 7.
120
13 (base 4) to base 10
7
Convert 5 (base 10) to base 11.
5
Convert 125 (base 9) to base 3.
10212
Convert -26 (base 8) to base 3.
-211
What is c (base 14) in base 8?
14
Convert 5 (base 9) to base 8.
5
-94 (base 16) to base 13
-b5
Convert -2 (base 12) to base 13.
-2
Convert 2 (base 16) to base 7.
2
What is 3 (base 6) in base 3?
10
Convert -1 (base 15) to base 9.
-1
What is 242 (base 5) in base 2?
1001000
-bb (base 14) to base 11
-140
Convert -1 (base 11) to base 10.
-1
Convert -41 (base 7) to base 13.
-23
Convert -103 (base 5) to base 15.
-1d
5 (base 8) to base 16
5
111110 (base 2) to base 11
57
-110 (base 5) to base 8
-36
104 (base 6) to base 2
101000
What is 11011 (base 2) in base 11?
25
What is -1 (base 14) in base 9?
-1
1302 (base 4) to base 14
82
4 (base 5) to base 4
10
-39 (base 16) to base 10
-57
What is -33 (base 7) in base 16?
-18
6 (base 13) to base 16
6
What is 4 (base 6) in base 16?
4
Convert 5 (base 16) to base 14.
5
-15 (base 10) to base 5
-30
Convert -5 (base 6) to base 3.
-12
-10a (base 12) to base 6
-414
What is 22 (base 11) in base 12?
20
Convert 10 (base 3) to base 7.
3
What is -12 (base 10) in base 4?
-30
What is 4c (base 16) in base 9?
84
What is -3 (base 13) in base 6?
-3
What is 21 (base 16) in base 2?
100001
Convert 0 (base 6) to base 16.
0
-2 (base 11) to base 4
-2
Convert -2 (base 5) to base 2.
-10
Convert 42 (base 8) to base 6.
54
What is 0 (base 2) in base 3?
0
What is -3 (base 6) in base 14?
-3
1 (base 12) to base 13
1
1 (base 3) to base 11
1
Convert -11 (base 12) to base 2.
-1101
What is -546 (base 7) in base 11?
-234
What is 336 (base 8) in base 4?
3132
What is -d (base 14) in base 9?
-14
21 (base 9) to base 3
201
What is 1010 (base 2) in base 6?
14
2 (base 9) to base 12
2
-4 (base 14) to base 8
-4
What is 142 (base 11) in base 10?
167
What is 9 (base 11) in base 10?
9
What is e (base 16) in base 11?
13
Convert -1c (base 14) to base 9.
-28
37 (base 10) to base 5
122
Convert -10 (base 2) to base 3.
-2
Convert 67 (base 13) to base 8.
125
What is -243 (base 5) in base 9?
-81
Convert -10 (base 16) to base 8.
-20
What is b (base 12) in base 6?
15
Convert -16 (base 10) to base 15.
-11
What is -167 (base 9) in base 4?
-2032
10 (base 2) to base 3
2
Convert 16 (base 9) to base 6.
23
10 (base 2) to base 12
2
-48 (base 9) to base 2
-101100
Convert 6 (base 8) to base 13.
6
Convert -14 (base 15) to base 16.
-13
What is 10000 (base 2) in base 12?
14
Convert 38 (base 13) to base 9.
52
a (base 16) to base 6
14
Convert -3 (base 6) to base 10.
-3
Convert 19 (base 16) to base 2.
11001
What is -1000 (base 4) in base 12?
-54
Convert -111 (base 2) to base 3.
-21
What is 20 (base 11) in base 14?
18
Convert 2 (base 14) to base 15.
2
Convert -55 (base 10) to base 6.
-131
9 (base 12) to base 13
9
Convert -67 (base 14) to base 10.
-91
-2 (base 16) to base 7
-2
-2220 (base 4) to base 10
-168
-1 (base 4) to base 7
-1
Convert 5 (base 16) to base 10.
5
What is 65 (base 8) in base 10?
53
What is -70 (base 8) in base 11?
-51
Convert 200 (base 4) to base 5.
112
What is -8 (base 9) in base 6?
-12
52 (base 12) to base 11
57
Convert 243 (base 9) to base 10.
201
4 (base 13) to base 3
11
What is 17 (base 12) in base 13?
16
What is -3 (base 14) in base 15?
-3
5 (base 6) to base 13
5
9 (base 16) to base 13
9
-72 (base 9) to base 7
-122
Convert -101 (base 5) to base 12.
-22
What is -5 (base 9) in base 4?
-11
154 (base 8) to base 7
213
Convert -221 (base 3) to base 9.
-27
26 (base 7) to base 16
14
What is 12 (base 3) in base 7?
5
Convert 11 (base 2) to base 7.
3
What is 1a7 (base 13) in base 7?
615
What is 3 (base 10) in base 2?
11
What is -111 (base 2) in base 9?
-7
Convert 1000 (base 2) to base 13.
8
-156 (base 8) to base 14
-7c
Convert -2 (base 9) to base 16.
-2
-13 (base 8) to base 12
-b
21 (base 9) to base 10
19
What is -20 (base 3) in